 m be (-3 + 1)*(-1 - -2). What are the prime factors of 19 + 0/m + 2?
3, 7
Let b(l) = 72*l**2 - 1. What are the prime factors of b(1)?
71
Suppose 0 = 3*i + 2*i. Suppose 2*d - 28 = -i*d. What are the prime factors of d?
2, 7
Let i(v) = -v**2 + 2*v - v + v. Let r be i(3). What are the prime factors of 2 + r - (0 - 18)?
17
Suppose -3*s = 4 - 10. Suppose 59 = s*u + 5. List the prime factors of u.
3
What are the prime factors of (-940)/8*32/(-20)?
2, 47
Let o be 19/7 + (-2)/(-7). Let d be o/(6/4) - -6. Let i = d - 1. List the prime factors of i.
7
List the prime factors of (-1898)/(-14) - (-15)/35.
2, 17
Suppose -6*h + 63 = -51. What are the prime factors of h?
19
Suppose -2*x - 4*s + 116 - 34 = 0, -3*x = -s - 109. Suppose -x = -3*f + 2*g, 5*f - 3*g + 0*g - 61 = 0. What are the prime factors of f?
11
Suppose -4*n = -2*n + 10. Let h = n - -2. Let y = 3 - h. What are the prime factors of y?
2, 3
Let m be -2 - (3 + -7) - -1. Let n be -3 + (m - (-6)/3). What are the prime factors of 4/((-3)/n - -2)?
2
Let i(l) = -2*l**2 + 6*l + 1. Let f(y) = 3*y**2 - 13*y - 2. Let v(s) = -4*f(s) - 7*i(s). What are the prime factors of v(-7)?
29
Let l(t) = 3*t**2 + 2*t - 1. Let a be l(1). Suppose -30 = -a*r - r. Suppose 3*u + 15 = r*u. What are the prime factors of u?
5
Suppose 4*r - 2*o = 132, -r + 5*o = -33 - 18. Suppose r = 2*t + z - 16, -4*t - 5*z + 109 = 0. What are the prime factors of t?
3, 7
Let p be 4/(-14) - 92/(-28). List the prime factors of (-2 - 2)*p/(-6).
2
Let h = -32 - -54. List the prime factors of h.
2, 11
Suppose 0 = j - 2*j + 40. Suppose -j = -2*f + 14. What are the prime factors of f?
3
Suppose -4*w + 6*w = 4. Let g be ((-3)/w)/(3/(-52)). Suppose -g = -3*a - 8. What are the prime factors of a?
2, 3
Suppose -5*u + 45 = -5*i, -5*i - 15 = -0*i. What are the prime factors of 1 + (-12)/3 + u?
3
Let t = -14 - -20. Let s(v) = 2*v + 2. Let a be s(t). Let n = a - 0. List the prime factors of n.
2, 7
Suppose -47 = -0*v - 2*v + 3*z, 0 = -4*v - 2*z + 70. Let a = 48 - v. What are the prime factors of a?
29
Let t be (-6740)/(-45) - (-6)/27. Suppose 3*a - t = -0*a. List the prime factors of a.
2, 5
Let l(g) be the third derivative of g**2 + 3/8*g**4 + 0 + 0*g**3 + 0*g. List the prime factors of l(1).
3
Suppose 2*y + 7 + 3 = -5*x, -y - 2*x = 5. Let f = y + 5. Suppose -5*p = g + 16, f = -p - 5. List the prime factors of g.
3
Let d = -8 - -17. Suppose -d*o + 112 = -5*o. What are the prime factors of o?
2, 7
Suppose 3*t = -5*o + 778, 4*t - 8*o - 1056 = -10*o. List the prime factors of t.
2, 7, 19
Suppose -a - 6 = -4*a. List the prime factors of 0 - (-5 - a)*1.
7
Let q(p) = -p**3 + 3*p**2 - p + 1. Let m be q(3). Let b be ((-5)/(-2) + m)*0. Suppose 3*h + 8 - 17 = b. List the prime factors of h.
3
Let s(v) = -v**2 - 5*v. Let n be s(-6). Let t be 3/n*2 + -6. Let o = t + 11. What are the prime factors of o?
2
Suppose -d - 1 + 21 = 5*g, -5*g = 5*d. Suppose -151 = -g*m + 54. Suppose -4*u + m = -3*n, u = -2*u + n + 32. What are the prime factors of u?
11
Suppose -5 = -f - 2. What are the prime factors of -7*(f - (5 + 3))?
5, 7
What are the prime factors of (-1)/(-5) - 2*39/(-10)?
2
Suppose 3*i + n = 99 + 2, 5*i = -5*n + 175. What are the prime factors of i?
3, 11
Let y = 19 + -34. Let t = -27 - y. Let x = 23 + t. What are the prime factors of x?
11
Let m be (1/(-2))/(2/(-20)). Let l be (4 - 1) + (-27)/(-1). Suppose -2*q = -2*x + l, 0 = m*x + q - 68 + 17. What are the prime factors of x?
11
Let d(t) = -t**3 + t. Let r be d(0). Suppose j + 3 = r, -6*x + 4*j = -2*x - 60. List the prime factors of x.
2, 3
What are the prime factors of 106 + 10/5 - 1*2?
2, 53
Let i(h) = 23*h + 30. List the prime factors of i(6).
2, 3, 7
Let j = 98 - 49. Suppose -4*u + j = 5*l, -3*l + 7 = 3*u - 29. List the prime factors of u.
11
What are the prime factors of (0 - -1)/((-8)/(-376))?
47
Let q be (-35)/15 + (-2)/(-6). Let d be 8*(1 + 1/q). Suppose -l - 52 = -d*t + 3*l, 35 = 5*t + 5*l. List the prime factors of t.
2, 5
Suppose -3*n - 2 = j, 0 = 3*j + 2*j - 2*n - 24. Let h(w) = -3 + 3*w - 3*w + 3*w. What are the prime factors of h(j)?
3
Let u(m) = 11*m**3 - 4*m**2 + m + 7. Let x(g) = -5*g**3 + 2*g**2 - 3. Let d(h) = 4*u(h) + 9*x(h). Suppose -2*w = 2*w - 12. List the prime factors of d(w).
2
Suppose i + 5*u - 12 = 0, 3*i - 6 = -u + 2. Suppose 7 = i*d - 1. List the prime factors of 30/d - (-3)/6.
2
What are the prime factors of (42/126)/((-1)/54*-2)?
3
Let l be ((-18)/(-21))/((-1)/(-7)). Let a(n) = 7*n**2 - n + 3. Let p(o) = o**2 + o + 1. Let q(v) = -a(v) + 6*p(v). List the prime factors of q(l).
3
Let o be -4 + 2/2*1. Let q(r) = -r**2 + 2*r**2 + 232 - 231. What are the prime factors of q(o)?
2, 5
Suppose 0 = 5*u - f + 58 + 18, 5*f + 40 = -3*u. List the prime factors of -12*(u/9)/5.
2
Let c(h) = h**2 - 6*h + 12. What are the prime factors of c(8)?
2, 7
Suppose 0*h = h + d, 4*h - 4*d = 32. Suppose 0 = -h*a + 2*w + 25 + 57, -a + w + 21 = 0. What are the prime factors of a?
2, 5
Let o be -2 + -3*4/(-3). Let c = o + 14. What are the prime factors of c?
2
Suppose -2*q = 5*r - 106, 3*r - 5*r + 170 = 3*q. Suppose -5*z + 5*y = y - 77, -4*z + 5*y + q = 0. What are the prime factors of z?
17
Let g = 99 + 49. What are the prime factors of g?
2, 37
Let v = 4 - -1. Suppose -a - a + 11 = -v*h, 4*a - 8 = -4*h. Let z = a + 3. List the prime factors of z.
2, 3
Let g be ((-40)/25)/((-1)/75). Suppose 18*t = 14*t + g. List the prime factors of t.
2, 3, 5
Let n be (2/(-3))/((-8)/60). Let d = 1 - 1. Suppose -5*t + 4*t + n = d. What are the prime factors of t?
5
Let h(w) = -6*w. Let d = -3 + 4. Let x be h(d). List the prime factors of 2*3/(-12)*x.
3
Suppose 0*p = p - 5. Let j = -2 + p. Suppose -m - j*m + 20 = 0. List the prime factors of m.
5
Let w(n) = 2*n**2 + 5*n - 4. Let y(u) = -u**2 - 5*u + 10. Suppose -21 = 2*l + l. Let a be y(l). What are the prime factors of w(a)?
2
Let r(j) be the second derivative of j**4/12 - 2*j**3/3 - 4*j**2 + 2*j. Let t be (12/(-10))/(2/(-10)). List the prime factors of r(t).
2
Suppose 3*z = 3*m - 9, -3*m + 4*z + z + 17 = 0. List the prime factors of ((-40)/50)/(m/10).
2
Let n(w) = 2*w - 5. Suppose -4*t + l + 13 = 2*l, -2*t = -3*l - 17. Suppose 0 = -7*s + t*s + 21. List the prime factors of n(s).
3
Suppose 0 = d - 1 - 1. Suppose 21 = d*g + l, -g - 4*l - 1 = -29. What are the prime factors of g?
2
Let k = 25 + -16. Suppose 0 = 4*j + k - 1. What are the prime factors of 1/((-38)/20 - j)?
2, 5
Let c = -19 + 21. Suppose 0 = 5*a - 3*i - 27, -5 = 2*a + 3*a + 5*i. Suppose 0 = -c*u - a*u + 95. List the prime factors of u.
19
Let z = -7 + 10. Let q be 20*2/(-1 - z). Let h = 16 + q. What are the prime factors of h?
2, 3
Let k = 3 - 6. Let w = k - -14. List the prime factors of w.
11
Let f = 30 - 25. List the prime factors of f.
5
Suppose -4 = 2*k, -3*d - k - 7 = -2*k. Let w = -10 + 3. List the prime factors of (1/d)/(w/42).
2
Let j(n) be the third derivative of n**5/3 - n**4/12 - n**3/6 - 2*n**2. What are the prime factors of j(-1)?
3, 7
Let c(b) = 2*b + 4. Let f be c(-3). Let s be 8/12 - f/6. What are the prime factors of (-2 - s)*15/(-9)?
5
Let t = 1 - 3. What are the prime factors of (t - -2 - -2) + 0?
2
Let n = 14 + -8. What are the prime factors of (2/(-3))/(n/(-27))?
3
Let w = -26 - -44. Suppose 1 + w = 3*l + a, 2*a - 8 = 0. Suppose -3*b + 43 = -b - l*r, 0 = 3*r + 15. List the prime factors of b.
3
Suppose 0 = -4*q + 2*q + 22. Let m = 1 + q. List the prime factors of m.
2, 3
Suppose -10*p + 1120 = -2*p. What are the prime factors of p?
2, 5, 7
Suppose -u = 6*u - 1568. What are the prime factors of u?
2, 7
Let s be 1*0/(0 - -2). What are the prime factors of 1/(2/4 + s)?
2
Suppose 2*p + 1 = p. Let l = 16 + p. List the prime factors of l.
3, 5
Suppose -2*f - 4 = -4*f. Let p = f - 0. List the prime factors of p.
2
Let v = -83 - -134. List the prime factors of v.
3, 17
Suppose 2*l = l + 74. What are the prime factors of l?
2, 37
Suppose 0 = -m + 2*c - 5*c - 4, -4*m + 8 = 4*c. Suppose -16 = t - m*t. Suppose -3*f = -0*h - 3*h - 9, 0 = 4*h - t. What are the prime factors of f?
2
Let c = 6 - 7. List the prime factors of (-1)/2*(-119 + c).
2, 3, 5
Let p be (-9)/(-12) - 231/(-12). Suppose -2*f - 3*v = -p, f + 12 = 3*f - v. What are the prime factors of (f/(-3))/((-2)/12)?
2, 7
Let p(x) = -5*x - 12. What 